x(r) = -36*r + 112. Calculate x(5).
-68
Let w(k) = 2*k**2 + 28*k + 13. What is w(-12)?
-35
Let a(g) = -g**2 - 12*g + 596. Determine a(19).
7
Let b(i) = -3*i**3 - 23*i**2 + 454*i - 20. Determine b(9).
16
Let f(b) = -36*b**2 - 613*b - 13. Calculate f(-17).
4
Let r(t) = -6*t + 153. Calculate r(33).
-45
Let p(i) = -24*i**2 - i - 16. Calculate p(0).
-16
Let t(g) = 5*g - 97. Give t(3).
-82
Let q(a) = 21*a - 513. Calculate q(21).
-72
Let t(q) = q**2 + 92*q - 3064. Give t(26).
4
Let s(p) = -3*p**2 + 32*p - 57. Calculate s(20).
-617
Let i(c) = -c**2 + 71*c - 659. Give i(34).
599
Let j(k) = 5*k**2 - 408*k - 569. Determine j(83).
12
Let r(c) = 124*c**2 - 632*c + 64. What is r(5)?
4
Let h(y) = -y**3 - 17*y**2 - 5*y - 458. What is h(-18)?
-44
Let a(n) = -n**3 - n**2 + 18*n + 54. Determine a(-4).
30
Let o(c) = 440*c + 22888. Determine o(-52).
8
Let m(x) = x**2 - 8*x - 33. Give m(-3).
0
Let l(r) = -10*r**2 - 64*r - 31. What is l(-6)?
-7
Let c(n) = -38*n - 339. Calculate c(-12).
117
Let d(i) = i**2 - 21*i + 128. What is d(7)?
30
Let w(s) = -6*s**3 - 61*s**2 - 14*s - 30. Give w(-10).
10
Let v(c) = 28*c**2 - 2908*c - 355. Determine v(104).
61
Let c(a) = 3*a**2 - 421*a + 3311. Give c(132).
11
Let w(x) = -2343*x + 18767. Determine w(8).
23
Let h(f) = 251*f - 25589. Give h(102).
13
Let y(h) = h**2 + 33*h + 165. Calculate y(-25).
-35
Let o(f) = 7*f - 186. Calculate o(24).
-18
Let a(n) = -4*n**2 - 133*n - 89. What is a(-32)?
71
Let c(z) = 1199*z - 6003. Calculate c(5).
-8
Let b(q) = 284*q + 3977. Calculate b(-14).
1
Let q(u) = -9*u - 49. Determine q(-23).
158
Let y(i) = -22*i**2 + 25*i + 133. Calculate y(-6).
-809
Let z(m) = -74*m - 4072. What is z(-55)?
-2
Let g(f) = -f**2 + 7*f + 157. Calculate g(-10).
-13
Let v(n) = 2*n**3 + 8*n**2 + 5*n + 16. Give v(-4).
-4
Let a(z) = z**2 + 12*z - 510. What is a(-30)?
30
Let y(s) = -49*s - 51. Calculate y(-1).
-2
Let t(l) = 689*l - 26188. What is t(38)?
-6
Let q(u) = u**3 - 17*u**2 + 52*u + 34. What is q(5)?
-6
Let n(s) = -s**2 - 107*s + 793. What is n(-114)?
-5
Let q(w) = w**3 + 7*w**2 - 15*w + 4. Determine q(-12).
-536
Let q(m) = m**2 + 9*m - 485. What is q(-28)?
47
Let b(g) = g**2 + 129*g + 2888. What is b(-100)?
-12
Let o(b) = -4*b**3 + 111*b**2 + 33*b - 141. What is o(28)?
-1
Let x(k) = 16*k + 3. Give x(-37).
-589
Let m(w) = -258*w - 2835. What is m(-11)?
3
Let a(b) = -2*b**3 - 38*b**2 - 95*b + 34. Give a(-16).
18
Let p(w) = w**3 + 32*w**2 + 29*w - 22. Determine p(-31).
40
Let k(m) = -10*m**2 - 69*m - 53. Give k(-5).
42
Let d(c) = c**2 - 644*c - 1. What is d(0)?
-1
Let q(l) = 581*l - 34283. Determine q(59).
-4
Let h(s) = -288*s + 59051. Determine h(205).
11
Let u(g) = -7*g**3 - 6*g**2 + 2*g + 5. Calculate u(-3).
134
Let z(y) = -2*y**2 - 172*y + 54. What is z(0)?
54
Let k(c) = c**3 - 20*c**2 + 22*c - 55. Give k(19).
2
Let n(d) = 4*d**2 - 2*d - 3. Give n(3).
27
Let d(o) = -8*o + 56. Give d(4).
24
Let w(s) = 99*s - 467. Determine w(6).
127
Let x(d) = -141*d - 2260. Determine x(-16).
-4
Let u(d) = -3*d**2 + 21*d + 120. Calculate u(11).
-12
Let j(i) = 101*i - 15628. What is j(155)?
27
Let s(y) = -y**3 + 11*y**2 + 109*y + 32. Determine s(-6).
-10
Let r(j) = -2*j**2 - 139*j - 14. Calculate r(-69).
55
Let m(j) = -j**2 + 11*j + 805. What is m(-24)?
-35
Let f(t) = -16*t + 191. Calculate f(5).
111
Let u(y) = -4*y**2 + 335*y + 108. What is u(84)?
24
Let v(u) = 3*u**2 + 1834*u + 10916. Give v(-6).
20
Let p(u) = -54*u + 218. Determine p(6).
-106
Let g(x) = 678*x - 7465. Give g(11).
-7
Let l(d) = d**3 + 12*d**2 + 40*d + 306. Determine l(-11).
-13
Let f(g) = 4*g**2 - 5*g + 14. Calculate f(-6).
188
Let z(r) = 34*r + 858. Determine z(-24).
42
Let l(d) = -8*d + 135. Give l(17).
-1
Let t(k) = 2*k**3 + 157*k**2 - 72*k + 559. What is t(-79)?
6
Let p(b) = 6*b**2 + 8*b - 7. What is p(8)?
441
Let x(s) = 147*s**2 - 2206*s + 19. Calculate x(15).
4
Let r(l) = l**3 - 53*l**2 + 657*l + 47. Give r(20).
-13
Let n(b) = b**2 + 1324*b - 3982. What is n(3)?
-1
Let t(s) = -11*s**3 + 56*s**2 - 4*s - 4. What is t(5)?
1
Let n(k) = k**2 - 156*k - 5351. Give n(-29).
14
Let g(x) = 37*x + 147. Calculate g(-10).
-223
Let a(m) = -14*m**3 - 17*m**2 - 5*m - 3. Determine a(-1).
-1
Let c(w) = 2*w**2 - 52. Determine c(0).
-52
Let o(k) = -13*k + 280. Calculate o(22).
-6
Let f(g) = -g**2 + 30*g - 22. Give f(11).
187
Let g(j) = -j**2 + 35*j - 311. Give g(13).
-25
Let z(v) = 6*v**2 + 54*v + 40. Determine z(-10).
100
Let v(y) = -6*y**2 + 150*y - 396. Determine v(22).
0
Let g(h) = 33*h - 269. Give g(10).
61
Let c(t) = -8*t**2 - 52*t + 52. Calculate c(5).
-408
Let y(g) = -3*g**2 - 17*g - 2. Give y(-12).
-230
Let q(s) = s**2 - 11*s + 18. What is q(5)?
-12
Let u(d) = d**2 - 48*d + 433. What is u(13)?
-22
Let h(v) = -v**3 + 27*v**2 - 174*v - 92. Give h(15).
-2
Let k(h) = -h**2 - 49*h - 568. Calculate k(-29).
12
Let s(v) = -1047*v + 364358. What is s(348)?
2
Let w(n) = 92*n + 1157. What is w(-9)?
329
Let p(i) = -1429*i - 12851. What is p(-9)?
10
Let k(z) = z**3 - 4*z**2 + 7*z - 8. What is k(8)?
304
Let o(z) = -64*z - 4696. What is o(-73)?
-24
Let f(w) = 2*w**3 + 6*w**2 - 2*w. What is f(-6)?
-204
Let p(d) = 5*d - 45. Give p(93).
420
Let l(q) = 273*q - 2410. What is l(9)?
47
Let a(r) = 2*r**3 - 24*r**2 + 17*r - 38. Determine a(11).
-93
Let y(h) = 20*h**2 - 14*h - 4. What is y(-1)?
30
Let o(v) = 170*v**3 - v**2 + 13*v + 14. Calculate o(-1).
-170
Let o(s) = 4*s**2 - 241*s - 151. Calculate o(62).
283
Let f(v) = -22*v - 166. Calculate f(-18).
230
Let k(g) = 468*g + 16369. Give k(-35).
-11
Let w(c) = -5*c + 294. What is w(58)?
4
Let g(x) = 3476*x + 10473. Calculate g(-3).
45
Let z(s) = -3*s + 121. Determine z(44).
-11
Let s(n) = 5*n**2 - 42*n - 281. Determine s(13).
18
Let a(o) = -o**2 - 11*o - 69. Determine a(-7).
-41
Let h(o) = -o**3 + 36*o**2 - 227*o + 32. Determine h(28).
-52
Let n(g) = -8*g**2 + 159*g + 42. What is n(19)?
175
Let u(q) = 2*q**2 - 1355*q + 8057. Give u(6).
-1
Let n(f) = 32*f**2 + 33*f + 73. What is n(-2)?
135
Let t(c) = 12*c**3 - 33*c**2 + 10*c - 13. Determine t(3).
44
Let b(f) = 3*f**2 + 9*f - 20. Calculate b(-10).
190
Let c(i) = 3*i**3 + 62*i**2 + 36*i - 74. What is c(-20)?
6
Let s(j) = 2*j**3 + 8*j**2 - 335*j + 54. Calculate s(11).
-1
Let l(g) = g**2 - 66*g + 1093. Determine l(33).
4
Let f(t) = -t**2 - 139*t - 4025. Determine f(-41).
-7
Let l(d) = 485*d + 1947. Determine l(-4).
7
Let c(p) = -11*p**2 + 82*p + 4. What is c(6)?
100
Let z(g) = g**3 - 12*g**2 - 13*g + 194. Calculate z(12).
38
Let p(n) = n**3 + 55*n**2 + 157*n + 2709. Give p(-53).
6
Let c(w) = w**3 + 56*w**2 - 2*w - 192. What is c(-56)?
-80
Let q(s) = s**2 + 4*s + 52. What is q(11)?
217
Let q(m) = -m**3 - 4*m**2 + 23*m + 71. What is q(-5)?
-19
Let u(c) = 128*c**3 + c**2 + 4*c + 3. What is u(-1)?
-128
Let a(o) = 8*o + 79. What is a(7)?
135
Let s(b) = 35*b + 230. Determine s(-7).
-15
Let g(m) = -24*m**2 + 222*m + 26. What is g(10)?
-154
Let i(k) = k**2 + 10*k + 44. What is i(-6)?
20
Let b(o) = o**2 + 58*o - 1543. Determine b(20).
17
Let o(q) = 2*q**2 + 49*q + 51. Determine o(14).
1129
Let p(k) = 7*k**2 - 74*k + 3. What is p(1)?
-64
Let w(u) = 972*u + 53465. Determine w(-55).
5
Let l(v) = 2*v**3 - 38*v**2 + 30*v + 4. Calculate l(18).
-104
Let s(h) = 38*h**2 + 9*h - 5. Give s(1).
42
Let f(o) = 72*o + 1029. Calculate f(-27).
-915
Let q(b) = b**2 - 569*b + 9352. Calculate q(17).
-32
Let o(h) = -12*h**2 - 101*h + 16. Give o(-10).
-174
Let b(g) = g**2 - 58*g + 649. What is b(17)?
-48
Let w(u) = -u**3 - 16*u**2 - 15*u + 10. Determine w(-13).
-302
Let a(f) = 2*f**3 - 5*f**2 - 3*f + 2. Determine a(-3).
-88
Let s(m) = -344*m + 5156. What is s(15)?
-4
Let f(t) = 9835*t - 78671. Give f(8).
9
Let y(b) = b**3 - 41*b - 151. Give y(-4).
-51
Let l(s) = -525*s - 2086. What is l(-4)?
14
Let g(m) = -2*m**3 + 217*m**2 + 107*m + 210. Determine g(109).
-8
Let f(v) = -v**3 - 17*v**2 + 6*v - 22. Calculate f(-17).
-124
Let h(o) = o**3 + o**2 - 39*o + 2. What is h(-7)?
-19
Let r(p) = -86*p - 3079. What is r(-36)?
17
Let k(g) = -g**3 - 6*g**2 + 10*g + 7. What is k(-7)?
-14
Let l(g) = 19829*g - 59480. Calculate l(3).
7
Let o(a) = a**3 - 43*a**2 - 140*a - 20. Determine o(46).
-112
Let b(n) = -43*n - 320. Give b(-7).
-19
Let a(q) = -q**2 - 111*q + 55. Determine a(-111).
55
Let d(i) = i**3 - 23*i**2 + 54*i - 1878. Determine d(24).
-6
L